11466?
False
Is 14210 a multiple of 70?
True
Is 14221 a multiple of 35?
False
Is 19 a factor of 1053?
False
Does 5 divide 385?
True
Does 13 divide 1386?
False
Does 103 divide 15407?
False
Is 10 a factor of 21980?
True
Is 38 a factor of 2394?
True
Is 928 a multiple of 16?
True
Is 25 a factor of 739?
False
Does 31 divide 3877?
False
Is 9396 a multiple of 94?
False
Is 5938 a multiple of 24?
False
Does 61 divide 4514?
True
Is 5821 a multiple of 18?
False
Is 12 a factor of 24?
True
Does 132 divide 26136?
True
Does 8 divide 104?
True
Does 9 divide 16116?
False
Is 7980 a multiple of 20?
True
Does 35 divide 16730?
True
Is 29 a factor of 2349?
True
Is 897 a multiple of 22?
False
Is 17 a factor of 323?
True
Is 194 a factor of 36084?
True
Is 5096 a multiple of 4?
True
Is 13 a factor of 3484?
True
Does 7 divide 535?
False
Is 3 a factor of 274?
False
Is 19800 a multiple of 99?
True
Is 839 a multiple of 8?
False
Is 5 a factor of 2170?
True
Is 462 a multiple of 22?
True
Is 1736 a multiple of 8?
True
Is 30 a factor of 28043?
False
Is 29 a factor of 1798?
True
Does 46 divide 19522?
False
Is 719 a multiple of 6?
False
Is 62 a factor of 8873?
False
Is 10584 a multiple of 9?
True
Is 8 a factor of 3638?
False
Does 40 divide 47358?
False
Is 29 a factor of 464?
True
Is 3178 a multiple of 24?
False
Is 51 a factor of 52010?
False
Does 8 divide 492?
False
Is 6191 a multiple of 7?
False
Does 93 divide 3572?
False
Does 19 divide 2734?
False
Is 18 a factor of 3186?
True
Is 83 a multiple of 8?
False
Is 747 a multiple of 92?
False
Is 95494 a multiple of 19?
True
Is 5851 a multiple of 25?
False
Is 19 a factor of 63137?
True
Does 19 divide 100286?
False
Is 68 a factor of 884?
True
Is 93525 a multiple of 87?
True
Is 229 a multiple of 3?
False
Does 11 divide 1298?
True
Is 2715 a multiple of 5?
True
Does 28 divide 112?
True
Does 14 divide 518?
True
Does 4 divide 1076?
True
Does 3 divide 2084?
False
Does 3 divide 1884?
True
Does 49 divide 802?
False
Is 1150 a multiple of 46?
True
Is 21371 a multiple of 13?
False
Is 11 a factor of 93533?
True
Does 53 divide 17926?
False
Is 9240 a multiple of 42?
True
Is 16 a factor of 85760?
True
Does 8 divide 5694?
False
Does 40 divide 1000?
True
Is 1550 a multiple of 31?
True
Does 28 divide 7560?
True
Is 234 a factor of 53131?
False
Is 572 a multiple of 52?
True
Is 5946 a multiple of 29?
False
Is 6 a factor of 4062?
True
Is 20 a factor of 455?
False
Does 11 divide 132?
True
Does 124 divide 42656?
True
Is 100 a factor of 3000?
True
Is 87 a factor of 7063?
False
Is 36 a multiple of 9?
True
Does 4 divide 583?
False
Is 81 a factor of 31347?
True
Is 1419 a multiple of 43?
True
Is 51 a factor of 1173?
True
Does 117 divide 25241?
False
Does 133 divide 13857?
False
Does 24 divide 848?
False
Is 1645 a multiple of 6?
False
Does 113 divide 17750?
False
Is 55 a factor of 2580?
False
Is 2623 a multiple of 43?
True
Does 79 divide 237?
True
Does 43 divide 301?
True
Is 7656 a multiple of 10?
False
Does 28 divide 1680?
True
Does 76 divide 53308?
False
Is 11 a factor of 17368?
False
Is 136 a factor of 1360?
True
Is 177 a factor of 34515?
True
Does 25 divide 3252?
False
Is 3528 a multiple of 6?
True
Does 13 divide 202?
False
Is 95 a factor of 5985?
True
Is 6154 a multiple of 104?
False
Is 564 a multiple of 25?
False
Is 1030 a multiple of 9?
False
Is 8462 a multiple of 14?
False
Is 15044 a multiple of 4?
True
Is 20 a factor of 2033?
False
Is 1002 a multiple of 6?
True
Is 28 a factor of 2688?
True
Does 12 divide 1596?
True
Does 33 divide 6930?
True
Is 652 a multiple of 92?
False
Is 9483 a multiple of 87?
True
Does 2 divide 2094?
True
Does 17 divide 463?
False
Does 12 divide 13644?
True
Is 36575 a multiple of 25?
True
Does 85 divide 9827?
False
Does 13 divide 12617?
False
Is 53724 a multiple of 12?
True
Does 25 divide 786?
False
Is 77816 a multiple of 137?
True
Is 37 a factor of 1110?
True
Does 148 divide 22667?
False
Is 16 a factor of 224?
True
Does 4 divide 7736?
True
Is 5 a factor of 36426?
False
Does 97 divide 666?
False
Is 534 even?
True
Is 164 a multiple of 29?
False
Does 5 divide 680?
True
Does 46 divide 4441?
False
Is 1200 a multiple of 16?
True
Is 8 a factor of 1024?
True
Is 22 a factor of 8821?
False
Is 2907 a multiple of 45?
False
Does 96 divide 2400?
True
Is 14 a factor of 15211?
False
Is 683 a multiple of 28?
False
Is 3726 a multiple of 19?
False
Does 70 divide 10406?
False
Is 42 a factor of 2308?
False
Does 8 divide 1270?
False
Is 17925 a multiple of 40?
False
Is 158 a factor of 22439?
False
Is 8 a factor of 1749?
False
Is 7017 a multiple of 19?
False
Is 164 a factor of 12300?
True
Does 12 divide 586?
False
Is 608 a multiple of 41?
False
Is 85785 a multiple of 37?
False
Does 28 divide 1064?
True
Does 16 divide 17008?
True
Is 93 a multiple of 25?
False
Is 110 a factor of 1320?
True
Does 15 divide 1909?
False
Is 1103 a multiple of 6?
False
Does 45 divide 4455?
True
Is 470 a multiple of 47?
True
Does 13 divide 468?
True
Is 2100 a multiple of 84?
True
Does 7 divide 1328?
False
Does 45 divide 8730?
True
Is 5 a factor of 275?
True
Is 2400 a multiple of 25?
True
Is 1356 a multiple of 7?
False
Is 38 a factor of 1254?
True
Does 92 divide 2715?
False
Does 59 divide 20914?
False
Is 24640 a multiple of 55?
True
Does 16 divide 1136?
True
Does 24 divide 29712?
True
Does 56 divide 2800?
True
Does 56 divide 808?
False
Is 4148 a multiple of 23?
False
Is 10 a factor of 1000?
True
Does 9 divide 869?
False
Does 51 divide 5253?
True
Is 267 a multiple of 4?
False
Is 19 a factor of 2203?
False
Is 1488 a multiple of 6?
True
Does 19 divide 6788?
False
Is 26 a factor of 520?
True
Is 163 a factor of 18093?
True
Is 42750 a multiple of 95?
True
Is 1876 a multiple of 28?
True
Is 14 a factor of 3150?
True
Is 50 a factor of 116?
False
Is 16 a factor of 42611?
False
Does 66 divide 7392?
True
Is 36 a factor of 31788?
True
Is 238 a factor of 66033?
False
Is 417 a multiple of 17?
False
Does 32 divide 672?
True
Does 13 divide 1415?
False
Is 560 a multiple of 17?
False
Does 44 divide 1250?
False
Does 28 divide 9688?
True
Is 12 a factor of 3188?
False
Is 10 a factor of 1419?
False
Is 951 a multiple of 2?
False
Does 20 divide 1525?
False
Does 4 divide 1422?
False
Is 300 a factor of 47100?
True
Is 44850 a multiple of 170?
False
Is 8 a factor of 529?
False
Is 4 a factor of 496?
True
Is 249 a multiple of 71?
False
Does 39 divide 712?
False
Is 118 a factor of 7046?
False
Is 1200 a multiple of 60?
True
Is 20167 a multiple of 67?
True
Is 3139 a multiple of 34?
False
Is 32 a factor of 457?
False
Does 13 divide 12841?
False
Is 1104 a multiple of 23?
True
Does 49 divide 12397?
True
Does 4 divide 18989?
False
Is 1785 a multiple of 16?
False
Does 38 divide 1710?
True
Does 22 divide 4906?
True
Does 44 divide 3828?
True
Is 28 a factor of 4284?
True
Does 8 divide 393?
False
Is 39 a factor of 91?
False
Does 35 divide 595?
True
Is 13 a factor of 912?
False
Is 19 a factor of 3753?
False
Is 2596 a multiple of 22?
True
Is 4 a factor of 13408?
True
Is 15 a factor of 903?
False
Does 7 divide 749?
True
Is 2 a factor of 8657?
False
Is 6 a factor of 2502?
True
Is 3 a factor of 3696?
True
Is 11 a factor of 40134?
False
Does 14 divide 196?
True
Is 45034 a multiple of 178?
True
Does 35 divide 2695?
True
Does 24 divide 3936?
True
Is 34 a factor of 625?
False
Is 14 a factor of 1848?
True
Is 38 a factor of 2774?
True
Is 72 a factor of 2010?
False
Is 99 a factor of 8533?
False
Does 2 divide 12?
True
Is 56 a factor of 309?
False
Is 10692 a multiple of 3?
True
Is 136 a multiple of 68?
True
Is 1394 a multiple of 19?
False
Is 2274 a multiple of 43?
False
Does 184 divide 2208?
True
Does 12 divide 10320?
True
Is 46 a factor of 1195?
False
Is 86 a factor of 13244?
True
Does 90 divide 30899?
False
Does 9 divide 61?
False
Is 41 a factor of 619?
False
Does 128 divide 7524?
False
Does 34 divide 1612?
False
Is 10 a factor of 1352?
False
Is 13 a factor of 1040?
True
Is 1373 a multiple of 7?
False
Is 5 a factor of 110?
True
Is 1264 a multiple of 23?
False
Is 292 a multiple of 4?
True
Does 34 divide 135?
False
Is 360 a multiple of 20?
True
Does 69 divide 7744?
False
Does 167 divide 19918?
False
Does 15 divide 1328?
False
Is 1026 a multiple of 57?
True
Does 25 divide 750?
True
Is 47 a factor of 67784?
False
Is 6408 a multiple of 18?
